mmon divisor of 14 and w.
7
Let o be 138/2 + (9 - 15). What is the highest common factor of 27 and o?
9
Let t(v) be the third derivative of 3*v**2 - 1/3*v**4 + 0*v + 1/120*v**6 - v**3 + 0 - 3/20*v**5. Let r be t(10). What is the greatest common factor of 70 and r?
14
Let j = -4 - -21. Let k = j - 19. Let q be (k - 1) + (1 - -15). Calculate the greatest common factor of q and 117.
13
Let w = -322 - -352. What is the greatest common divisor of 180 and w?
30
Let y(z) = z**3 - 8*z**2 + 8*z - 5. Let n be y(7). Let k(t) = 3*t**2 + 12*t. Let q be k(-5). Let l = -14 + q. What is the greatest common factor of n and l?
1
Let t = 517 - 231. What is the highest common divisor of 26 and t?
26
Suppose 0 = z - 8*z + 385. Calculate the highest common divisor of 22 and z.
11
Let u(v) = -26*v**3 - 4*v**2 - 8*v - 8. Let o be u(-2). Calculate the highest common factor of 25 and o.
25
Let o be -3*(-3)/(-3)*1/(-1). Suppose -4*f + 35 = -o*f. What is the highest common divisor of f and 35?
35
Suppose 4*x = 2*s - 717 - 147, -s + 4*x + 432 = 0. What is the greatest common factor of 16 and s?
16
Let u be (11 - (-23)/3)*(-18)/(-4). Calculate the highest common divisor of u and 462.
42
Let y be ((-1)/4)/((-19)/152). Suppose 175 = y*l + 5*n, -5*l + n + 406 = 3*n. Calculate the greatest common factor of 32 and l.
16
Suppose -212 = -3*x - f, -3*x - 5*f + 220 = -0*f. Let c be x/6 + 2/6. Let h be (36/(-16))/(6/(-64)). What is the greatest common divisor of c and h?
12
Suppose -3*f = -5*t - 1290, 769 - 2919 = -5*f - 4*t. Calculate the greatest common factor of 10 and f.
10
Suppose o = 3*o - 10, -4*o - 76 = -3*p. Let h = 25 - 53. Let b = h + p. What is the highest common factor of b and 12?
4
Let a = 192 + -106. Suppose 4 = 2*i - a. What is the highest common divisor of 5 and i?
5
Suppose -3*r + 1431 = 3*q - 6*r, 948 = 2*q - 4*r. What is the greatest common divisor of q and 60?
60
Suppose 0 = -5*l + 4*l - 3*a + 10, 0 = -l - 5*a + 14. Suppose -l*i = -d - 754, 2*i = -d + 222 + 158. What is the highest common factor of 21 and i?
21
Let u = 0 - -1. Let m(y) = -y + 18. Let v be m(6). Let n be -1 - -16 - v/3. What is the highest common divisor of u and n?
1
Let i(u) = -u. Let d(f) = 5*f - 4. Let y(m) = -d(m) - 6*i(m). Let c be y(-3). Let s be (6/18)/(c/60). Calculate the highest common factor of s and 20.
20
Suppose 0*z = 4*z - 5*b + 14, -2 = 2*z - 5*b. Let m be 9/6*(-16)/z. Suppose m*j = 16 + 140. Calculate the highest common factor of j and 13.
13
Let i be (-3 - 0)/((48/776)/(-2)). Calculate the greatest common divisor of 97 and i.
97
Let f be (24/14 - 2)*-21. Let h be 16/f*(-6)/(-4). Let z be 11/(-2)*(2 - h). What is the highest common divisor of 1 and z?
1
Let g = 208 + -355. Let b be ((-2)/3)/(14/g). Calculate the highest common factor of b and 63.
7
Suppose -5*y + z = 155, -z + 59 = -3*y + y. Let k be (-12)/(-32) + (-20)/y. Let h = 14 + k. What is the greatest common divisor of h and 3?
3
Let f be (-4)/(-6) - (-28)/3. Let y be -29 - 12/(-3 + 6). Let g = -23 - y. What is the highest common divisor of f and g?
10
Suppose 42*a - 48*a + 336 = 0. What is the greatest common divisor of 392 and a?
56
Let u(m) be the second derivative of 0*m**3 + 65/6*m**4 + 0 - 2*m + 0*m**2. Let t be u(1). Calculate the highest common divisor of 26 and t.
26
Let b(p) = -44*p - 116. Let m be b(-4). Calculate the greatest common factor of 15 and m.
15
Let a(p) = -p**3 - 10*p**2 + 24*p - 9. Let q be a(-12). Let j = 29 + q. What is the highest common factor of 30 and j?
10
Let r = -888 - -894. Calculate the greatest common divisor of 129 and r.
3
Let b be (((-192)/15)/8)/(3/(-75)). What is the highest common divisor of b and 100?
20
Let x = -780 - -1130. Calculate the greatest common factor of 28 and x.
14
Suppose k = w + 23, -5 - 67 = -3*k + 2*w. Let i = k + 74. Calculate the highest common divisor of 20 and i.
20
Let o be 44088/(-242) - 4/(-22). Let v = 21 - o. What is the greatest common factor of 29 and v?
29
Let r = 154 - 107. Calculate the greatest common factor of r and 611.
47
Let p(h) = 15*h - 2. Let t be p(1). Suppose -t*j + 9*j = -384. What is the greatest common factor of j and 32?
32
Let v(i) = 15*i - 24. Let j be v(8). Suppose 2*s - 8*s = -j. What is the greatest common factor of s and 128?
16
Suppose 8*d = 10*d - 56. What is the highest common divisor of d and 2716?
28
Let t be ((-604)/(-28) - -7)/((-4)/(-14)). What is the highest common divisor of t and 350?
50
Let l be 5/((-11)/((-418)/10)). Let s = -6 + -3. Let h be 6/s - (-59)/3. Calculate the greatest common divisor of l and h.
19
Suppose 20*s = -27 + 107. Calculate the highest common factor of s and 64.
4
Let r(q) = 21*q - 7. Suppose -2*h = -5*a - 40, -9*h - 50 = 3*a - 5*h. Let o be r(a). Let g = -145 - o. What is the highest common divisor of g and 9?
9
Let h be 2 + -6 + (-16 - (-51 - -6)). Calculate the highest common divisor of 15 and h.
5
Let t(a) = -3*a**2 + 2*a + 2. Let m(o) = o**2 + o - 1. Let x(f) = -4*m(f) - t(f). Let d be x(-6). What is the greatest common factor of 6 and d?
2
Let u(i) be the second derivative of 2*i**3/3 - 7*i**2 + 30*i. Let x be u(8). Calculate the greatest common divisor of x and 90.
18
Suppose 6*q - 2*q + f = 21, -5*q + 4*f = 0. Calculate the greatest common factor of q and 64.
4
Suppose 17*l = -4*l + 819. Calculate the greatest common factor of l and 42.
3
Let c be (1430/(-4))/13*(-294)/5. Let g be (-12)/(-9)*c/14. What is the greatest common factor of g and 14?
14
Let b be (1 - 7)/(-9 - -6). Calculate the highest common factor of b and 146.
2
Suppose m = 6*l - l + 46, -5*l = 3*m + 62. Let w be l/(-45) - (-4784)/18. Calculate the greatest common divisor of 38 and w.
38
Suppose -4*q + n + 5 = q, -20 = 4*n. Suppose -13*t + 9*t + 44 = q. Let l = -146 + 234. Calculate the highest common divisor of l and t.
11
Suppose p - 55 = 6*p. Let h be 5/(-5) - p*25. Let u = h + -190. What is the greatest common divisor of u and 56?
28
Suppose t = 2*b - 4933, 4936 = 2*b - 0*t - 2*t. Suppose -4*r - r - b = 0. Let s = -241 - r. What is the highest common factor of 28 and s?
28
Suppose 68 + 16 = -750*o + 762*o. Suppose -5*b + m - 4*m = -315, -3*b = -m - 189. What is the highest common factor of o and b?
7
Let f be ((-18)/4)/(-6*7/588). Calculate the greatest common factor of 18 and f.
9
Let u(c) = -44*c + 286. Let p be u(6). Calculate the greatest common factor of 22 and p.
22
Let c(f) = -2*f - 5. Let m(s) = -6*s - 14. Let z(l) = 17*c(l) - 6*m(l). Let x be z(4). What is the highest common divisor of 63 and x?
7
Let r(g) = g**3 - 9*g**2 - 9*g - 8. Let o be r(10). Let d be (24/(-30))/(o/(-30)). Calculate the highest common divisor of d and 108.
12
Let i be (-20)/8*((-20 - -5) + 5). Calculate the highest common factor of i and 50.
25
Let j = -3 + 4. Let o be 188/14 + (-4)/(-7). Let x = o + -7. What is the greatest common divisor of j and x?
1
Let r be 1 + -20 - -3 - 2. Let b = r - -31. Calculate the highest common divisor of b and 104.
13
Let t = 2124 + -1465. Suppose -728 = -5*z - 2*a, 4*z - a + 87 = t. Calculate the highest common divisor of 36 and z.
36
Let o = 1574 - 1490. Calculate the highest common factor of o and 196.
28
Suppose -3*s - 3*j + 104 + 13 = 0, 0 = -s - 3*j + 49. Let n = s - 21. What is the highest common factor of 117 and n?
13
Suppose i = 62 + 210. Calculate the greatest common divisor of i and 34.
34
Let n = 779 + -772. What is the highest common divisor of 189 and n?
7
Let i = 1476 + 1904. What is the greatest common divisor of 20 and i?
20
Let x(j) = -j**3 + 10. Let h be x(0). Suppose 5*q - 4 = -3*i, 0 = -4*i - 4*q + 10 - 2. Let v be (-16)/i*120/(-8). What is the greatest common factor of v and h?
10
Suppose 3*l - 2*l - 53 = -2*v, 5*l - 265 = -5*v. Let y = -51 + l. Calculate the greatest common divisor of 4 and y.
2
Suppose -4*y - 3*m + 12 = 0, -y + 6*y + 4*m - 14 = 0. What is the highest common divisor of 8 and y?
2
Suppose -3*q - 4*b + 559 = 0, 6*q = 8*q + 2*b - 372. Calculate the highest common divisor of q and 1.
1
Suppose 10*s - 60 = -5*n + 8*s, s - 23 = -2*n. Calculate the highest common factor of 686 and n.
14
Let y(n) = -n**3 + 6*n**2 - 2*n - 8. Let b be y(5). Let k be (-10)/35 + 688/b. What is the greatest common divisor of k and 14?
14
Suppose 0 = -2*f - 5*l - 102, f = 3*l - 5*l - 51. Let